{"id":826,"date":"2024-11-14T10:07:57","date_gmt":"2024-11-14T15:07:57","guid":{"rendered":"https:\/\/equi-tel.com\/boutique\/?post_type=product&#038;p=826"},"modified":"2026-01-21T11:55:01","modified_gmt":"2026-01-21T16:55:01","slug":"guv3100","status":"publish","type":"product","link":"https:\/\/equi-tel.com\/boutique\/product\/guv3100\/","title":{"rendered":"GUV3100"},"content":{"rendered":"<table width=\"720\">\n<tbody>\n<tr>\n<td colspan=\"9\" width=\"720\">Cam\u00e9ra de vid\u00e9oconf\u00e9rence, 1080p, CMOS 2MP, USB 2.0 (inclut un c\u00e2ble USB de 1,8 m), 2 microphones omnidirectionnels.<\/td>\n<\/tr>\n<\/tbody>\n<\/table>\n","protected":false},"excerpt":{"rendered":"<p>Cam\u00e9ra de vid\u00e9oconf\u00e9rence, 1080p, CMOS 2MP, USB 2.0 (inclut un c\u00e2ble USB de 1,8 m), 2 microphones omnidirectionnels.<\/p>\n","protected":false},"featured_media":827,"template":"","meta":{"om_disable_all_campaigns":false,"_monsterinsights_skip_tracking":false,"_monsterinsights_sitenote_active":false,"_monsterinsights_sitenote_note":"","_monsterinsights_sitenote_category":0},"product_brand":[],"product_cat":[46],"product_tag":[],"class_list":{"0":"post-826","1":"product","2":"type-product","3":"status-publish","4":"has-post-thumbnail","6":"product_cat-grandstream","8":"first","9":"instock","10":"taxable","11":"shipping-taxable","12":"product-type-simple"},"aioseo_notices":[],"_links":{"self":[{"href":"https:\/\/equi-tel.com\/boutique\/wp-json\/wp\/v2\/product\/826","targetHints":{"allow":["GET"]}}],"collection":[{"href":"https:\/\/equi-tel.com\/boutique\/wp-json\/wp\/v2\/product"}],"about":[{"href":"https:\/\/equi-tel.com\/boutique\/wp-json\/wp\/v2\/types\/product"}],"wp:featuredmedia":[{"embeddable":true,"href":"https:\/\/equi-tel.com\/boutique\/wp-json\/wp\/v2\/media\/827"}],"wp:attachment":[{"href":"https:\/\/equi-tel.com\/boutique\/wp-json\/wp\/v2\/media?parent=826"}],"wp:term":[{"taxonomy":"product_brand","embeddable":true,"href":"https:\/\/equi-tel.com\/boutique\/wp-json\/wp\/v2\/product_brand?post=826"},{"taxonomy":"product_cat","embeddable":true,"href":"https:\/\/equi-tel.com\/boutique\/wp-json\/wp\/v2\/product_cat?post=826"},{"taxonomy":"product_tag","embeddable":true,"href":"https:\/\/equi-tel.com\/boutique\/wp-json\/wp\/v2\/product_tag?post=826"}],"curies":[{"name":"wp","href":"https:\/\/api.w.org\/{rel}","templated":true}]}}