{"id":666,"date":"2024-11-11T09:50:19","date_gmt":"2024-11-11T14:50:19","guid":{"rendered":"https:\/\/equi-tel.com\/boutique\/?post_type=product&#038;p=666"},"modified":"2026-01-16T14:12:06","modified_gmt":"2026-01-16T19:12:06","slug":"dp760","status":"publish","type":"product","link":"https:\/\/equi-tel.com\/boutique\/product\/dp760\/","title":{"rendered":"DP760"},"content":{"rendered":"<table width=\"960\">\n<tbody>\n<tr>\n<td colspan=\"12\" width=\"960\">R\u00e9p\u00e9teur VoIP SIP DECT, AC + PoE, prend en charge jusqu&#8217;\u00e0 2 x appels simultan\u00e9s par station de base, jusqu&#8217;\u00e0 5 r\u00e9p\u00e9teurs par station de base pour DP750.<\/td>\n<\/tr>\n<\/tbody>\n<\/table>\n","protected":false},"excerpt":{"rendered":"<p>R\u00e9p\u00e9teur VoIP SIP DECT, AC + PoE, prend en charge jusqu&#8217;\u00e0 2 x appels simultan\u00e9s par station de base, jusqu&#8217;\u00e0 5 r\u00e9p\u00e9teurs par station de base pour DP750.<\/p>\n","protected":false},"featured_media":668,"template":"","meta":{"om_disable_all_campaigns":false,"_monsterinsights_skip_tracking":false,"_monsterinsights_sitenote_active":false,"_monsterinsights_sitenote_note":"","_monsterinsights_sitenote_category":0},"product_brand":[],"product_cat":[46],"product_tag":[],"class_list":{"0":"post-666","1":"product","2":"type-product","3":"status-publish","4":"has-post-thumbnail","6":"product_cat-grandstream","8":"first","9":"instock","10":"taxable","11":"shipping-taxable","12":"product-type-simple"},"aioseo_notices":[],"_links":{"self":[{"href":"https:\/\/equi-tel.com\/boutique\/wp-json\/wp\/v2\/product\/666","targetHints":{"allow":["GET"]}}],"collection":[{"href":"https:\/\/equi-tel.com\/boutique\/wp-json\/wp\/v2\/product"}],"about":[{"href":"https:\/\/equi-tel.com\/boutique\/wp-json\/wp\/v2\/types\/product"}],"wp:featuredmedia":[{"embeddable":true,"href":"https:\/\/equi-tel.com\/boutique\/wp-json\/wp\/v2\/media\/668"}],"wp:attachment":[{"href":"https:\/\/equi-tel.com\/boutique\/wp-json\/wp\/v2\/media?parent=666"}],"wp:term":[{"taxonomy":"product_brand","embeddable":true,"href":"https:\/\/equi-tel.com\/boutique\/wp-json\/wp\/v2\/product_brand?post=666"},{"taxonomy":"product_cat","embeddable":true,"href":"https:\/\/equi-tel.com\/boutique\/wp-json\/wp\/v2\/product_cat?post=666"},{"taxonomy":"product_tag","embeddable":true,"href":"https:\/\/equi-tel.com\/boutique\/wp-json\/wp\/v2\/product_tag?post=666"}],"curies":[{"name":"wp","href":"https:\/\/api.w.org\/{rel}","templated":true}]}}