{"id":1968,"date":"2026-01-14T15:51:15","date_gmt":"2026-01-14T20:51:15","guid":{"rendered":"https:\/\/equi-tel.com\/boutique\/?post_type=product&#038;p=1968"},"modified":"2026-01-14T15:51:16","modified_gmt":"2026-01-14T20:51:16","slug":"gcc6020","status":"publish","type":"product","link":"https:\/\/equi-tel.com\/boutique\/product\/gcc6020\/","title":{"rendered":"GCC6020"},"content":{"rendered":"<p>GCC6020. IPPBX int\u00e9gr\u00e9 (50 utilisateurs, 16 appels simultan\u00e9s) + pare-feu professionnel + routeur VPN + 1 port SFP+ 2,5 Gb, 1 port SFP+ 10 Gb, commutateur r\u00e9seau 4x Gigabit Ethernet<\/p>\n","protected":false},"excerpt":{"rendered":"<p>GCC6020. IPPBX int\u00e9gr\u00e9 (50 utilisateurs, 16 appels simultan\u00e9s) + pare-feu professionnel + routeur VPN + 1 port SFP+ 2,5 Gb, 1 port SFP+ 10 Gb, commutateur r\u00e9seau 4x Gigabit Ethernet<\/p>\n","protected":false},"featured_media":1970,"template":"","meta":{"om_disable_all_campaigns":false,"_monsterinsights_skip_tracking":false,"_monsterinsights_sitenote_active":false,"_monsterinsights_sitenote_note":"","_monsterinsights_sitenote_category":0},"product_brand":[],"product_cat":[46],"product_tag":[],"class_list":{"0":"post-1968","1":"product","2":"type-product","3":"status-publish","4":"has-post-thumbnail","6":"product_cat-grandstream","8":"first","9":"instock","10":"taxable","11":"shipping-taxable","12":"product-type-simple"},"aioseo_notices":[],"_links":{"self":[{"href":"https:\/\/equi-tel.com\/boutique\/wp-json\/wp\/v2\/product\/1968","targetHints":{"allow":["GET"]}}],"collection":[{"href":"https:\/\/equi-tel.com\/boutique\/wp-json\/wp\/v2\/product"}],"about":[{"href":"https:\/\/equi-tel.com\/boutique\/wp-json\/wp\/v2\/types\/product"}],"wp:featuredmedia":[{"embeddable":true,"href":"https:\/\/equi-tel.com\/boutique\/wp-json\/wp\/v2\/media\/1970"}],"wp:attachment":[{"href":"https:\/\/equi-tel.com\/boutique\/wp-json\/wp\/v2\/media?parent=1968"}],"wp:term":[{"taxonomy":"product_brand","embeddable":true,"href":"https:\/\/equi-tel.com\/boutique\/wp-json\/wp\/v2\/product_brand?post=1968"},{"taxonomy":"product_cat","embeddable":true,"href":"https:\/\/equi-tel.com\/boutique\/wp-json\/wp\/v2\/product_cat?post=1968"},{"taxonomy":"product_tag","embeddable":true,"href":"https:\/\/equi-tel.com\/boutique\/wp-json\/wp\/v2\/product_tag?post=1968"}],"curies":[{"name":"wp","href":"https:\/\/api.w.org\/{rel}","templated":true}]}}