{"id":1670,"date":"2025-08-08T11:48:03","date_gmt":"2025-08-08T15:48:03","guid":{"rendered":"https:\/\/equi-tel.com\/boutique\/?post_type=product&#038;p=1670"},"modified":"2026-01-21T11:56:54","modified_gmt":"2026-01-21T16:56:54","slug":"gvc3212","status":"publish","type":"product","link":"https:\/\/equi-tel.com\/boutique\/product\/gvc3212\/","title":{"rendered":"GVC3212"},"content":{"rendered":"<p>Cam\u00e9ra de vid\u00e9oconf\u00e9rence 720p pour petite salle, 1 x Fast Ethernet et abonnement de six mois au plan IPVideoTalk Basic &#038; Lite.<\/p>\n","protected":false},"excerpt":{"rendered":"<p>Cam\u00e9ra de vid\u00e9oconf\u00e9rence 720p pour petite salle, 1 x Fast Ethernet et abonnement de six mois au plan IPVideoTalk Basic &#038; Lite.<\/p>\n","protected":false},"featured_media":1674,"template":"","meta":{"om_disable_all_campaigns":false,"_monsterinsights_skip_tracking":false,"_monsterinsights_sitenote_active":false,"_monsterinsights_sitenote_note":"","_monsterinsights_sitenote_category":0},"product_brand":[],"product_cat":[46],"product_tag":[],"class_list":{"0":"post-1670","1":"product","2":"type-product","3":"status-publish","4":"has-post-thumbnail","6":"product_cat-grandstream","8":"first","9":"instock","10":"taxable","11":"shipping-taxable","12":"product-type-simple"},"aioseo_notices":[],"_links":{"self":[{"href":"https:\/\/equi-tel.com\/boutique\/wp-json\/wp\/v2\/product\/1670","targetHints":{"allow":["GET"]}}],"collection":[{"href":"https:\/\/equi-tel.com\/boutique\/wp-json\/wp\/v2\/product"}],"about":[{"href":"https:\/\/equi-tel.com\/boutique\/wp-json\/wp\/v2\/types\/product"}],"wp:featuredmedia":[{"embeddable":true,"href":"https:\/\/equi-tel.com\/boutique\/wp-json\/wp\/v2\/media\/1674"}],"wp:attachment":[{"href":"https:\/\/equi-tel.com\/boutique\/wp-json\/wp\/v2\/media?parent=1670"}],"wp:term":[{"taxonomy":"product_brand","embeddable":true,"href":"https:\/\/equi-tel.com\/boutique\/wp-json\/wp\/v2\/product_brand?post=1670"},{"taxonomy":"product_cat","embeddable":true,"href":"https:\/\/equi-tel.com\/boutique\/wp-json\/wp\/v2\/product_cat?post=1670"},{"taxonomy":"product_tag","embeddable":true,"href":"https:\/\/equi-tel.com\/boutique\/wp-json\/wp\/v2\/product_tag?post=1670"}],"curies":[{"name":"wp","href":"https:\/\/api.w.org\/{rel}","templated":true}]}}