{"id":142,"date":"2024-02-11T13:34:36","date_gmt":"2024-02-11T18:34:36","guid":{"rendered":"https:\/\/equi-tel.com\/boutique\/?post_type=product&#038;p=142"},"modified":"2026-01-16T11:39:26","modified_gmt":"2026-01-16T16:39:26","slug":"gwn7706","status":"publish","type":"product","link":"https:\/\/equi-tel.com\/boutique\/product\/gwn7706\/","title":{"rendered":"GWN7706"},"content":{"rendered":"<p>Switch r\u00e9seau non g\u00e9r\u00e9, 48 x GigE, 2 x SFP.<\/p>\n","protected":false},"excerpt":{"rendered":"<p>Switch r\u00e9seau non g\u00e9r\u00e9, 48 x GigE, 2 x SFP.<\/p>\n","protected":false},"featured_media":151,"template":"","meta":{"om_disable_all_campaigns":false,"_monsterinsights_skip_tracking":false,"_monsterinsights_sitenote_active":false,"_monsterinsights_sitenote_note":"","_monsterinsights_sitenote_category":0},"product_brand":[],"product_cat":[46],"product_tag":[],"class_list":{"0":"post-142","1":"product","2":"type-product","3":"status-publish","4":"has-post-thumbnail","6":"product_cat-grandstream","8":"first","9":"instock","10":"taxable","11":"shipping-taxable","12":"product-type-simple"},"aioseo_notices":[],"_links":{"self":[{"href":"https:\/\/equi-tel.com\/boutique\/wp-json\/wp\/v2\/product\/142","targetHints":{"allow":["GET"]}}],"collection":[{"href":"https:\/\/equi-tel.com\/boutique\/wp-json\/wp\/v2\/product"}],"about":[{"href":"https:\/\/equi-tel.com\/boutique\/wp-json\/wp\/v2\/types\/product"}],"wp:featuredmedia":[{"embeddable":true,"href":"https:\/\/equi-tel.com\/boutique\/wp-json\/wp\/v2\/media\/151"}],"wp:attachment":[{"href":"https:\/\/equi-tel.com\/boutique\/wp-json\/wp\/v2\/media?parent=142"}],"wp:term":[{"taxonomy":"product_brand","embeddable":true,"href":"https:\/\/equi-tel.com\/boutique\/wp-json\/wp\/v2\/product_brand?post=142"},{"taxonomy":"product_cat","embeddable":true,"href":"https:\/\/equi-tel.com\/boutique\/wp-json\/wp\/v2\/product_cat?post=142"},{"taxonomy":"product_tag","embeddable":true,"href":"https:\/\/equi-tel.com\/boutique\/wp-json\/wp\/v2\/product_tag?post=142"}],"curies":[{"name":"wp","href":"https:\/\/api.w.org\/{rel}","templated":true}]}}