{"id":1034,"date":"2024-11-18T11:42:06","date_gmt":"2024-11-18T16:42:06","guid":{"rendered":"https:\/\/equi-tel.com\/boutique\/?post_type=product&#038;p=1034"},"modified":"2026-01-19T13:47:03","modified_gmt":"2026-01-19T18:47:03","slug":"wp825","status":"publish","type":"product","link":"https:\/\/equi-tel.com\/boutique\/product\/wp825\/","title":{"rendered":"WP825"},"content":{"rendered":"<p>WP825 2 x lignes, \u00e9cran LCD TFT couleur 2,4 pouces, audio HD, port USB et prise casque 3,5 mm, Bluetooth int\u00e9gr\u00e9, batterie rechargeable.<\/p>\n","protected":false},"excerpt":{"rendered":"<p>WP825 2 x lignes, \u00e9cran LCD TFT couleur 2,4 pouces, audio HD, port USB et prise casque 3,5 mm, Bluetooth int\u00e9gr\u00e9, batterie rechargeable.<\/p>\n","protected":false},"featured_media":1035,"template":"","meta":{"om_disable_all_campaigns":false,"_monsterinsights_skip_tracking":false,"_monsterinsights_sitenote_active":false,"_monsterinsights_sitenote_note":"","_monsterinsights_sitenote_category":0},"product_brand":[],"product_cat":[46],"product_tag":[],"class_list":{"0":"post-1034","1":"product","2":"type-product","3":"status-publish","4":"has-post-thumbnail","6":"product_cat-grandstream","8":"first","9":"instock","10":"taxable","11":"shipping-taxable","12":"product-type-simple"},"aioseo_notices":[],"_links":{"self":[{"href":"https:\/\/equi-tel.com\/boutique\/wp-json\/wp\/v2\/product\/1034","targetHints":{"allow":["GET"]}}],"collection":[{"href":"https:\/\/equi-tel.com\/boutique\/wp-json\/wp\/v2\/product"}],"about":[{"href":"https:\/\/equi-tel.com\/boutique\/wp-json\/wp\/v2\/types\/product"}],"wp:featuredmedia":[{"embeddable":true,"href":"https:\/\/equi-tel.com\/boutique\/wp-json\/wp\/v2\/media\/1035"}],"wp:attachment":[{"href":"https:\/\/equi-tel.com\/boutique\/wp-json\/wp\/v2\/media?parent=1034"}],"wp:term":[{"taxonomy":"product_brand","embeddable":true,"href":"https:\/\/equi-tel.com\/boutique\/wp-json\/wp\/v2\/product_brand?post=1034"},{"taxonomy":"product_cat","embeddable":true,"href":"https:\/\/equi-tel.com\/boutique\/wp-json\/wp\/v2\/product_cat?post=1034"},{"taxonomy":"product_tag","embeddable":true,"href":"https:\/\/equi-tel.com\/boutique\/wp-json\/wp\/v2\/product_tag?post=1034"}],"curies":[{"name":"wp","href":"https:\/\/api.w.org\/{rel}","templated":true}]}}