{"id":236,"date":"2024-02-23T16:28:39","date_gmt":"2024-02-23T21:28:39","guid":{"rendered":"https:\/\/equi-tel.com\/boutique\/?page_id=236"},"modified":"2024-12-17T11:43:49","modified_gmt":"2024-12-17T16:43:49","slug":"f-a-q","status":"publish","type":"page","link":"https:\/\/equi-tel.com\/boutique\/f-a-q\/","title":{"rendered":"FAQ"},"content":{"rendered":"\n\t<section class=\"section\" id=\"section_1646382178\">\n\t\t<div class=\"section-bg fill\" >\n\t\t\t\t\t\t\t\t\t\n\t\t\t\n\n\t\t<\/div>\n\n\t\t\n\n\t\t<div class=\"section-content relative\">\n\t\t\t\n<div class=\"row\"  id=\"row-134153746\">\n\n\t<div id=\"col-1097486440\" class=\"col small-12 large-12\"  >\n\t\t\t\t<div class=\"col-inner text-left\"  >\n\t\t\t\n\t\t\t\n<div class=\"container section-title-container\" ><h3 class=\"section-title section-title-center\"><b><\/b><span class=\"section-title-main\" >Foire Aux Questions (FAQ)<\/span><b><\/b><\/h3><\/div>\n<div class=\"accordion\">\n\t<div id=\"accordion-1912912915\" class=\"accordion-item\">\n\t\t<a id=\"accordion-1912912915-label\" class=\"accordion-title plain\" href=\"#accordion-item-combien-de-temps-avant-de-recevoir-une-commande?\" aria-expanded=\"false\" aria-controls=\"accordion-1912912915-content\" >\n\t\t\t<button class=\"toggle\" aria-label=\"Basculer\"><i class=\"icon-angle-down\"><\/i><\/button>\n\t\t\t<span>Combien de temps avant de recevoir une commande?<\/span>\n\t\t<\/a>\n\t\t<div id=\"accordion-1912912915-content\" class=\"accordion-inner\" aria-labelledby=\"accordion-1912912915-label\" >\n\t\t\t\n<p>La livraison prend entre 2 \u00e0 10 jours ouvrables. Les commandes sont trait\u00e9es assez rapidement de notre c\u00f4t\u00e9, toutefois, le temps de livraison d\u00e9pend de la compagnie qui livre votre colis, de la journ\u00e9e que le colis est envoy\u00e9 et du lieu de livraison par rapport \u00e0 nos bureaux de Terrebonne.<\/p>\n\t\t<\/div>\n\t<\/div>\n\t\n\t<div id=\"accordion-1120710911\" class=\"accordion-item\">\n\t\t<a id=\"accordion-1120710911-label\" class=\"accordion-title plain\" href=\"#accordion-item-que-faire-si-j&#039;-ai-re\u00e7u-un-article-d\u00e9fectueux-ou-endommag\u00e9?\" aria-expanded=\"false\" aria-controls=\"accordion-1120710911-content\" >\n\t\t\t<button class=\"toggle\" aria-label=\"Basculer\"><i class=\"icon-angle-down\"><\/i><\/button>\n\t\t\t<span>Que faire si j' ai re\u00e7u un article d\u00e9fectueux ou endommag\u00e9?<\/span>\n\t\t<\/a>\n\t\t<div id=\"accordion-1120710911-content\" class=\"accordion-inner\" aria-labelledby=\"accordion-1120710911-label\" >\n\t\t\t\n<p>Si vous recevez un article d\u00e9fectueux ou endommag\u00e9, veuillez nous contacter imm\u00e9diatement \u00e0 <a href=\"mailto:commandes@equi-tel.com\"><strong>commandes@equi-tel.com<\/strong><\/a> pour organiser un remplacement ou un remboursement.<\/p>\n\t\t<\/div>\n\t<\/div>\n\t\n<\/div>\n\t\t<\/div>\n\t\t\t\t\t<\/div>\n\n\t\n\n\t<div id=\"col-7448437\" class=\"col small-12 large-12\"  >\n\t\t\t\t<div class=\"col-inner text-center box-shadow-1\"  >\n\t\t\t\n\t\t\t\n<p style=\"text-align: center;\"><strong>Vous ne trouvez pas la r\u00e9ponse \u00e0 votre question ? Contactez-nous et nous ferons de notre mieux pour r\u00e9pondre \u00e0 vos questions<\/strong><\/p>\n<a href=\"https:\/\/equi-tel.com\/boutique\/contact\/\" class=\"button primary\"  >\n\t\t<span>Contact<\/span>\n\t<\/a>\n\n\t\t<\/div>\n\t\t\t\t\n<style>\n#col-7448437 > .col-inner {\n  padding: 35px 0px 20px 0px;\n}\n<\/style>\n\t<\/div>\n\n\t\n<\/div>\n<div class=\"message-box relative dark\" style=\"padding-top:49px;padding-bottom:49px;\"><div class=\"message-box-bg-image bg-fill fill\" ><\/div><div class=\"message-box-bg-overlay bg-fill fill\" style=\"background-color:rgb(34, 189, 239);\"><\/div><div class=\"container relative\"><div class=\"inner last-reset\">\n\n<div class=\"row align-middle align-center\"  id=\"row-1087946308\">\n\n\n\t<div id=\"col-1479920906\" class=\"col medium-7 small-12 large-7\"  >\n\t\t\t\t<div class=\"col-inner\"  >\n\t\t\t\n\t\t\t\n\n<div class=\"container section-title-container\" ><h3 class=\"section-title section-title-normal\"><b><\/b><span class=\"section-title-main\" >Inscrivez-vous \u00e0 notre infolettre<\/span><b><\/b><\/h3><\/div>\n\n<p>Restez inform\u00e9 avec \u00c9quitel ! Abonnez-vous \u00e0 notre newsletter pour suivre nos offres promotionnelles et notre \u00e9volution.<\/p>\n\t<div id=\"gap-770560859\" class=\"gap-element clearfix\" style=\"display:block; height:auto;\">\n\t\t\n<style>\n#gap-770560859 {\n  padding-top: 30px;\n}\n<\/style>\n\t<\/div>\n\t\n\n\n\t\t<\/div>\n\t\t\t\t\t<\/div>\n\n\t\n\n\t<div id=\"col-320368953\" class=\"col medium-5 small-12 large-5\"  >\n\t\t\t\t<div class=\"col-inner\"  >\n\t\t\t\n\t\t\t\n\n<p><div class=\"tnp tnp-subscription \">\n<form method=\"post\" action=\"https:\/\/equi-tel.com\/boutique\/wp-admin\/admin-ajax.php?action=tnp&amp;na=s\">\n<input type=\"hidden\" name=\"nlang\" value=\"\">\n<div class=\"tnp-field tnp-field-firstname\"><label for=\"tnp-1\">Pr\u00e9nom<\/label>\n<input class=\"tnp-name\" type=\"text\" name=\"nn\" id=\"tnp-1\" value=\"\" placeholder=\"\" required><\/div>\n<div class=\"tnp-field tnp-field-email\"><label for=\"tnp-2\">E-mail<\/label>\n<input class=\"tnp-email\" type=\"email\" name=\"ne\" id=\"tnp-2\" value=\"\" placeholder=\"\" required><\/div>\n<div class=\"tnp-field tnp-privacy-field\"><label><input type=\"checkbox\" name=\"ny\" required class=\"tnp-privacy\"> <a target=\"_blank\" href=\"https:\/\/equi-tel.com\/boutique\/politique-de-confidentialite\/\">J&#039;accepte de recevoir l&#039;infolettre<\/a><\/label><\/div><div class=\"tnp-field tnp-field-button\" style=\"text-align: left\"><input class=\"tnp-submit\" type=\"submit\" value=\"S&#039;abonner\" style=\"\">\n<\/div>\n<\/form>\n<\/div>\n<\/p>\n\n\t\t<\/div>\n\t\t\t\t\t<\/div>\n\n\t\n\n<\/div>\n\n<\/div><\/div><\/div>\n\t\t<\/div>\n\n\t\t\n<style>\n#section_1646382178 {\n  padding-top: 30px;\n  padding-bottom: 30px;\n}\n<\/style>\n\t<\/section>\n\t\n","protected":false},"excerpt":{"rendered":"","protected":false},"author":1,"featured_media":0,"parent":0,"menu_order":0,"comment_status":"closed","ping_status":"closed","template":"","meta":{"om_disable_all_campaigns":false,"_monsterinsights_skip_tracking":false,"_monsterinsights_sitenote_active":false,"_monsterinsights_sitenote_note":"","_monsterinsights_sitenote_category":0,"footnotes":""},"class_list":["post-236","page","type-page","status-publish","hentry"],"aioseo_notices":[],"_links":{"self":[{"href":"https:\/\/equi-tel.com\/boutique\/wp-json\/wp\/v2\/pages\/236","targetHints":{"allow":["GET"]}}],"collection":[{"href":"https:\/\/equi-tel.com\/boutique\/wp-json\/wp\/v2\/pages"}],"about":[{"href":"https:\/\/equi-tel.com\/boutique\/wp-json\/wp\/v2\/types\/page"}],"author":[{"embeddable":true,"href":"https:\/\/equi-tel.com\/boutique\/wp-json\/wp\/v2\/users\/1"}],"replies":[{"embeddable":true,"href":"https:\/\/equi-tel.com\/boutique\/wp-json\/wp\/v2\/comments?post=236"}],"version-history":[{"count":13,"href":"https:\/\/equi-tel.com\/boutique\/wp-json\/wp\/v2\/pages\/236\/revisions"}],"predecessor-version":[{"id":1152,"href":"https:\/\/equi-tel.com\/boutique\/wp-json\/wp\/v2\/pages\/236\/revisions\/1152"}],"wp:attachment":[{"href":"https:\/\/equi-tel.com\/boutique\/wp-json\/wp\/v2\/media?parent=236"}],"curies":[{"name":"wp","href":"https:\/\/api.w.org\/{rel}","templated":true}]}}